
False
Is 84112184489 prime?
True
Is 59103094949 a prime number?
True
Is 382138027 prime?
True
Is 18030996959 prime?
True
Is 2599339222 a composite number?
True
Is 43041917 composite?
False
Is 78850935007 prime?
False
Is 19751327473 prime?
True
Is 8299763479 prime?
False
Is 1102682857 composite?
False
Is 395952089 a prime number?
False
Is 3388925003 a composite number?
False
Is 8035976749 composite?
False
Is 5447454303 a composite number?
True
Is 237299423 a prime number?
True
Is 41619329459 prime?
True
Is 12700099943 prime?
False
Is 2123718661 a prime number?
True
Is 540712421 composite?
True
Is 190262928837 a composite number?
True
Is 727776809 a prime number?
True
Is 10195918039 a composite number?
True
Is 67033256531 a prime number?
False
Is 76019815 composite?
True
Is 19164756059 prime?
False
Is 200958524993 a composite number?
False
Is 43552250399 a composite number?
True
Is 5593563061 composite?
False
Is 76586773 prime?
True
Is 3469541389 a composite number?
False
Is 1284975518 prime?
False
Is 140301853 composite?
True
Is 8407187951 a composite number?
False
Is 1712199229 prime?
False
Is 12693609059 composite?
False
Is 571373093 composite?
False
Is 16484932889 composite?
True
Is 7262005649 a composite number?
True
Is 68952133931 prime?
True
Is 176383339131 prime?
False
Is 16069448771 a prime number?
True
Is 203346779 a composite number?
True
Is 68159944913 prime?
False
Is 25366534099 a prime number?
False
Is 45563734481 a prime number?
True
Is 206460555461 composite?
False
Is 41023383773 a composite number?
False
Is 12978119641 prime?
False
Is 478214797 composite?
False
Is 2033839567 a composite number?
True
Is 10505451527 a prime number?
False
Is 405638713 a composite number?
False
Is 2161966031 prime?
True
Is 4735046149 composite?
False
Is 64443277869 a prime number?
False
Is 1137651145 composite?
True
Is 1472697647 a composite number?
False
Is 1656850841 a composite number?
False
Is 21035881067 a composite number?
False
Is 34960441259 a composite number?
False
Is 2115064697 composite?
True
Is 189695893 a prime number?
True
Is 453137197 prime?
False
Is 1463597815 composite?
True
Is 2976681458 a prime number?
False
Is 6608430259 a prime number?
False
Is 6561156731 a prime number?
True
Is 32203659931 a prime number?
False
Is 139244591 composite?
True
Is 224102831 composite?
False
Is 8637412691 a prime number?
False
Is 851105653 prime?
True
Is 1051625429 a prime number?
True
Is 916526201 a prime number?
False
Is 499204193 prime?
True
Is 487344917 a prime number?
False
Is 7308089417 a prime number?
False
Is 10518062501 a prime number?
True
Is 766416331 a prime number?
True
Is 26100039307 prime?
False
Is 5340471967 a prime number?
False
Is 2537078911 a composite number?
True
Is 7050291961 a prime number?
True
Is 809579833 a prime number?
True
Is 133118683 prime?
True
Is 480972733 composite?
False
Is 85986737 a composite number?
True
Is 508037059 a prime number?
True
Is 4870879261 composite?
False
Is 5063131739 a prime number?
False
Is 2857651451 prime?
False
Is 75970070987 a composite number?
False
Is 1409929753 composite?
False
Is 2435040631 composite?
True
Is 4822997437 composite?
True
Is 3749578621 prime?
True
Is 1575766135 composite?
True
Is 164025245 a prime number?
False
Is 22066190053 composite?
False
Is 17833911479 a prime number?
True
Is 55927232503 a composite number?
True
Is 5952759221 a composite number?
True
Is 260175022 a composite number?
True
Is 1439943899 a prime number?
False
Is 2255367547 prime?
True
Is 3964841891 prime?
False
Is 689615843 a composite number?
True
Is 114354108311 composite?
False
Is 287025593 a composite number?
True
Is 1292084161 prime?
True
Is 15907439321 a prime number?
True
Is 231730531 composite?
False
Is 5530427891 a prime number?
True
Is 36091801 a composite number?
False
Is 23634539429 prime?
True
Is 530836451 prime?
True
Is 23946628003 a prime number?
False
Is 3158078333 a prime number?
True
Is 477175837 prime?
True
Is 4109059249 composite?
True
Is 721513007 prime?
True
Is 17530456969 composite?
False
Is 4998731 composite?
True
Is 40867071073 a prime number?
True
Is 639223387 a prime number?
False
Is 757618055 a composite number?
True
Is 1199368507 a composite number?
True
Is 4354987031 prime?
True
Is 9428200127 prime?
False
Is 139000229 composite?
False
Is 1937268097 composite?
False
Is 140154581167 a prime number?
False
Is 11063414239 composite?
False
Is 166181680943 prime?
True
Is 26026070891 composite?
False
Is 25335605657 a prime number?
True
Is 235556895373 prime?
False
Is 42697157 a composite number?
True
Is 2276765299 prime?
False
Is 450089767 a prime number?
True
Is 49084544461 prime?
True
Is 1740904189 composite?
True
Is 130889199145 prime?
False
Is 25181446709 composite?
False
Is 18332776751 composite?
True
Is 2743758037 prime?
True
Is 897608903 prime?
True
Is 153493657 a composite number?
False
Is 239956503 prime?
False
Is 49448765549 composite?
True
Is 4020515579 a composite number?
False
Is 867597733 a prime number?
True
Is 5015836769 composite?
False
Is 312919723 composite?
True
Is 247317061 a prime number?
True
Is 48799870697 a composite number?
False
Is 1424052307 a composite number?
True
Is 4985983 a composite number?
True
Is 67208171323 prime?
False
Is 4849961681 prime?
False
Is 7982303711 composite?
False
Is 34302055027 composite?
True
Is 2680074343 prime?
True
Is 18761675027 a composite number?
False
Is 191530781851 prime?
False
Is 2063288153 a prime number?
True
Is 168577183 a prime number?
True
Is 127259629379 prime?
False
Is 8104883821 prime?
True
Is 366486851 a composite number?
True
Is 263137162 a composite number?
True
Is 71151823 prime?
False
Is 3209810894 prime?
False
Is 33769668941 prime?
True
Is 5658372353 prime?
True
Is 555230057 prime?
False
Is 46022359021 a prime number?
False
Is 6151659259 prime?
False
Is 137683883 composite?
True
Is 513709123 composite?
True
Is 5142983185 composite?
True
Is 1680098597 a composite number?
False
Is 11187846129 prime?
False
Is 496112797 a prime number?
False
Is 2406317383 a prime number?
True
Is 2566817681 composite?
False
Is 2275334989 composite?
False
Is 47221283 a prime number?
True
Is 56956327997 a composite number?
False
Is 2580001727 prime?
True
Is 492961613 prime?
True
Is 61064377 composite?
True
Is 4007183531 composite?
True
Is 669169559 prime?
True
Is 12273011479 a prime number?
False
Is 2109377567 prime?
False
Is 17645599 prime?
True
Is 118627045 prime?
False
Is 528005033 composite?
True
Is 186239397 prime?
False
Is 115814825047 a prime number?
True
Is 7804213723 composite?
False
Is 759264161 composite?
True
Is 14271398773 a composite number?
True
Is 2120078605 a composite number?
True
Is 454612573 prime?
True
Is 76444507 a prime number?
False
Is 1307995471 prime?
False
Is 222008847482 a composite number?
True
Is 1182858821 a composite number?
False
Is 8802945191 a prime number?
False
Is 7806581017 a prime number?
True
Is 6736379239 prime?
True
Is 34219556257 prime?
True
Is 86206489 composite?
False
Is 3916265671 composite?
False
Is 2655847699 a prime number?
True
Is 376920433 composite?
False
Is 3622369727 a composite number?
False
Is 72237143 a prime number?
False
Is 56419296137 composite?
False
Is 7486995071 composite?
False
Is 10776211741 a prime number?
False
Is 12357026263 composite?
False
Is 95623800033 prime?
False
Is 37564156513 a prime number?
False
Is 2706417241 composite?
True
Is 11716584277 composite?
False
Is 5623955807 composite?
False
Is 60976999583 composite?
False
Is 965711017 a prime number?
False
Is 559985123 composite?
True
Is 5697811723 a prime number?
True
Is 137330339 a composite number?
True
Is 51321343 composite?
False
Is 409101169 prime?
True
Is 53762386411 prime?
True
Is 4808174483 prime?
False
Is 86544643 composite?
False
Is 486290401 prime?
False
Is 125761487179 a prime number?
False
Is 870562019 composite?
False
Is 169456373 a composite number?
False
Is 289250629 prime?
True
Is 528526679965 a prime number?
False
Is 53438101753 composite?
True
Is 2900302003 prime?
True
Is 2342256013 a prime number?
False
Is 31633869851 a composite number?
True
Is 9787920622 a composite number?
True
Is 31777790699 composite?
False
Is 3568970081 prime?
False
Is 7323942751 a composite number?
False
Is 223